{"id":7,"date":"2020-06-06T08:26:32","date_gmt":"2020-06-06T08:26:32","guid":{"rendered":"http:\/\/altstadt-apartment.com\/?page_id=7"},"modified":"2025-02-18T19:27:27","modified_gmt":"2025-02-18T19:27:27","slug":"ausstattung","status":"publish","type":"page","link":"https:\/\/altstadt-apartment.com\/?page_id=7","title":{"rendered":"Die Ferienwohnung"},"content":{"rendered":"\n<p>Die komfortable Unterkunft bietet auf 55 m\u00b2 Platz f\u00fcr maximal 4 Personen. Die Wohnung ist sehr stilvoll eingerichtet und verf\u00fcgt \u00fcber eine moderne Austattung.<br><\/p>\n\n\n\n<h2 class=\"wp-block-heading\">R\u00e4umlichkeiten<\/h2>\n\n\n\n<div class=\"wp-block-media-text alignwide is-vertically-aligned-top is-stacked-on-mobile\"><figure class=\"wp-block-media-text__media\"><img loading=\"lazy\" decoding=\"async\" width=\"1024\" height=\"683\" src=\"http:\/\/altstadt-apartment.com\/wp-content\/uploads\/2020\/06\/X-1-6-1024x683.jpg\" alt=\"\" class=\"wp-image-74 size-full\" srcset=\"https:\/\/altstadt-apartment.com\/wp-content\/uploads\/2020\/06\/X-1-6-1024x683.jpg 1024w, https:\/\/altstadt-apartment.com\/wp-content\/uploads\/2020\/06\/X-1-6-300x200.jpg 300w, https:\/\/altstadt-apartment.com\/wp-content\/uploads\/2020\/06\/X-1-6-768x512.jpg 768w, https:\/\/altstadt-apartment.com\/wp-content\/uploads\/2020\/06\/X-1-6-1536x1025.jpg 1536w, https:\/\/altstadt-apartment.com\/wp-content\/uploads\/2020\/06\/X-1-6.jpg 2000w\" sizes=\"(max-width: 767px) 89vw, (max-width: 1000px) 54vw, (max-width: 1071px) 543px, 580px\" \/><\/figure><div class=\"wp-block-media-text__content\">\n<h3 class=\"wp-block-heading\"><br>Wohnzimmer<\/h3>\n\n\n\n<p>Schlafcouch<br>Smart-TV, Bluetooth-Box <br>W-Lan<\/p>\n<\/div><\/div>\n\n\n\n<div class=\"wp-block-media-text alignwide is-vertically-aligned-top is-stacked-on-mobile\"><figure class=\"wp-block-media-text__media\"><img loading=\"lazy\" decoding=\"async\" width=\"1024\" height=\"683\" src=\"http:\/\/altstadt-apartment.com\/wp-content\/uploads\/2020\/06\/X-1-3-1024x683.jpg\" alt=\"\" class=\"wp-image-77 size-full\" srcset=\"https:\/\/altstadt-apartment.com\/wp-content\/uploads\/2020\/06\/X-1-3-1024x683.jpg 1024w, https:\/\/altstadt-apartment.com\/wp-content\/uploads\/2020\/06\/X-1-3-300x200.jpg 300w, https:\/\/altstadt-apartment.com\/wp-content\/uploads\/2020\/06\/X-1-3-768x512.jpg 768w, https:\/\/altstadt-apartment.com\/wp-content\/uploads\/2020\/06\/X-1-3-1536x1025.jpg 1536w, https:\/\/altstadt-apartment.com\/wp-content\/uploads\/2020\/06\/X-1-3.jpg 2000w\" sizes=\"(max-width: 767px) 89vw, (max-width: 1000px) 54vw, (max-width: 1071px) 543px, 580px\" \/><\/figure><div class=\"wp-block-media-text__content\">\n<h3 class=\"wp-block-heading\"><br>Schlafzimmer<\/h3>\n\n\n\n<p>Doppelbett<br>Kinderbett auf Anfrage <\/p>\n<\/div><\/div>\n\n\n\n<div class=\"wp-block-media-text alignwide is-stacked-on-mobile\"><figure class=\"wp-block-media-text__media\"><img loading=\"lazy\" decoding=\"async\" width=\"1024\" height=\"683\" src=\"http:\/\/altstadt-apartment.com\/wp-content\/uploads\/2020\/06\/X-1-12n-1024x683.jpg\" alt=\"\" class=\"wp-image-96 size-full\" srcset=\"https:\/\/altstadt-apartment.com\/wp-content\/uploads\/2020\/06\/X-1-12n-1024x683.jpg 1024w, https:\/\/altstadt-apartment.com\/wp-content\/uploads\/2020\/06\/X-1-12n-300x200.jpg 300w, https:\/\/altstadt-apartment.com\/wp-content\/uploads\/2020\/06\/X-1-12n-768x512.jpg 768w, https:\/\/altstadt-apartment.com\/wp-content\/uploads\/2020\/06\/X-1-12n-1536x1025.jpg 1536w, https:\/\/altstadt-apartment.com\/wp-content\/uploads\/2020\/06\/X-1-12n.jpg 2000w\" sizes=\"(max-width: 767px) 89vw, (max-width: 1000px) 54vw, (max-width: 1071px) 543px, 580px\" \/><\/figure><div class=\"wp-block-media-text__content\">\n<h3 class=\"wp-block-heading\"><br>K\u00fcche<\/h3>\n\n\n\n<p>Cerankochfeld, Backofen, Mikrowelle, Kaffeemaschine, Wasserkocher, Toaster, Geschirrsp\u00fclmaschine<\/p>\n<\/div><\/div>\n\n\n\n<div class=\"wp-block-media-text alignwide is-stacked-on-mobile\"><figure class=\"wp-block-media-text__media\"><img loading=\"lazy\" decoding=\"async\" width=\"1024\" height=\"683\" src=\"http:\/\/altstadt-apartment.com\/wp-content\/uploads\/2020\/06\/X-1-5-1024x683.jpg\" alt=\"\" class=\"wp-image-75 size-full\" srcset=\"https:\/\/altstadt-apartment.com\/wp-content\/uploads\/2020\/06\/X-1-5-1024x683.jpg 1024w, https:\/\/altstadt-apartment.com\/wp-content\/uploads\/2020\/06\/X-1-5-300x200.jpg 300w, https:\/\/altstadt-apartment.com\/wp-content\/uploads\/2020\/06\/X-1-5-768x512.jpg 768w, https:\/\/altstadt-apartment.com\/wp-content\/uploads\/2020\/06\/X-1-5-1536x1025.jpg 1536w, https:\/\/altstadt-apartment.com\/wp-content\/uploads\/2020\/06\/X-1-5.jpg 2000w\" sizes=\"(max-width: 767px) 89vw, (max-width: 1000px) 54vw, (max-width: 1071px) 543px, 580px\" \/><\/figure><div class=\"wp-block-media-text__content\">\n<h3 class=\"wp-block-heading\"><br>Badezimmer<\/h3>\n\n\n\n<p>F\u00f6hn<br>Seife <\/p>\n<\/div><\/div>\n\n\n\n<h2 class=\"wp-block-heading\">Weitere Informationen<\/h2>\n\n\n\n<ul class=\"wp-block-list\">\n<li>Nichtraucherwohnung<\/li>\n\n\n\n<li>keine Haustiere <\/li>\n<\/ul>\n\n\n\n<p><\/p>\n","protected":false},"excerpt":{"rendered":"<p>Die komfortable Unterkunft bietet auf 55 m\u00b2 Platz f\u00fcr maximal 4 Personen. Die Wohnung ist sehr stilvoll eingerichtet und verf\u00fcgt \u00fcber eine moderne Austattung. R\u00e4umlichkeiten Wohnzimmer SchlafcouchSmart-TV, Bluetooth-Box W-Lan Schlafzimmer DoppelbettKinderbett auf Anfrage K\u00fcche Cerankochfeld, Backofen, Mikrowelle, Kaffeemaschine, Wasserkocher, Toaster, Geschirrsp\u00fclmaschine Badezimmer F\u00f6hnSeife Weitere Informationen<\/p>\n","protected":false},"author":1,"featured_media":0,"parent":0,"menu_order":0,"comment_status":"closed","ping_status":"closed","template":"","meta":{"footnotes":""},"class_list":["post-7","page","type-page","status-publish","hentry"],"_links":{"self":[{"href":"https:\/\/altstadt-apartment.com\/index.php?rest_route=\/wp\/v2\/pages\/7"}],"collection":[{"href":"https:\/\/altstadt-apartment.com\/index.php?rest_route=\/wp\/v2\/pages"}],"about":[{"href":"https:\/\/altstadt-apartment.com\/index.php?rest_route=\/wp\/v2\/types\/page"}],"author":[{"embeddable":true,"href":"https:\/\/altstadt-apartment.com\/index.php?rest_route=\/wp\/v2\/users\/1"}],"replies":[{"embeddable":true,"href":"https:\/\/altstadt-apartment.com\/index.php?rest_route=%2Fwp%2Fv2%2Fcomments&post=7"}],"version-history":[{"count":25,"href":"https:\/\/altstadt-apartment.com\/index.php?rest_route=\/wp\/v2\/pages\/7\/revisions"}],"predecessor-version":[{"id":156,"href":"https:\/\/altstadt-apartment.com\/index.php?rest_route=\/wp\/v2\/pages\/7\/revisions\/156"}],"wp:attachment":[{"href":"https:\/\/altstadt-apartment.com\/index.php?rest_route=%2Fwp%2Fv2%2Fmedia&parent=7"}],"curies":[{"name":"wp","href":"https:\/\/api.w.org\/{rel}","templated":true}]}}