{"id":21,"date":"2020-06-06T09:28:27","date_gmt":"2020-06-06T09:28:27","guid":{"rendered":"http:\/\/altstadt-apartment.com\/?page_id=21"},"modified":"2025-02-18T19:37:32","modified_gmt":"2025-02-18T19:37:32","slug":"belegungskalender","status":"publish","type":"page","link":"https:\/\/altstadt-apartment.com\/?page_id=21","title":{"rendered":"Buchung und Belegung"},"content":{"rendered":"\n<h2 class=\"wp-block-heading\">Verf\u00fcgbarkeiten der Ferienwohnung:<\/h2>\n\n\n\n<img decoding=\"async\" src=\"https:\/\/www.optimale-praesentation.de\/bilder\/pobjekt\/0000092715\/bkalender_j1_l.gif\" alt=\"Belegungskalender\">\n\n\n\n<h2 class=\"wp-block-heading\">Preise<\/h2>\n\n\n\n<p>Die Preise varrieren nach Saison.  Bitte beachten Sie, das die hier ausgezeichneten Preise ausschlie\u00dflich f\u00fcr Buchungsanfragen \u00fcber diese Homepage, telefonisch oder per E-Mail gelten.<\/p>\n\n\n\n<p>Nebensaison:<br><strong>60,- Euro<\/strong> pro Nacht<br><br>Zwischensaison: <br><strong>70,- Euro<\/strong> pro Nacht<br><br>Hauptsaison:  <br><strong>80,-<\/strong> <strong>Euro<\/strong> pro Nacht<br><br>Weihnachten\/Sylvester: <br><strong>90,-<\/strong> <strong>Euro<\/strong> pro Nacht<\/p>\n\n\n\n<p>Eine Endreinigung von 40,00\u20ac f\u00e4llt einmalig an.<\/p>\n\n\n\n<p>Ein st\u00e4dtischer G\u00e4stebeitrag in H\u00f6he von 2,30\u20ac\/Erwachsener\/Nacht f\u00e4llt am Tag der Anreise an.&nbsp;&nbsp; <\/p>\n\n\n\n<h2 class=\"wp-block-heading\">Buchungsanfragen<\/h2>\n\n\n\n<p>Sie haben Interesse an der Buchung unserer Ferienwohnung?<br>Stellen Sie Ihre Anfrage einfach \u00fcber diese Formular oder kontaktieren Sie uns per Email oder Telefon.<\/p>\n\n\n<div class=\"wpforms-container wpforms-container-full\" id=\"wpforms-36\"><form id=\"wpforms-form-36\" class=\"wpforms-validate wpforms-form\" data-formid=\"36\" method=\"post\" enctype=\"multipart\/form-data\" action=\"\/index.php?rest_route=%2Fwp%2Fv2%2Fpages%2F21\" data-token=\"f552575f6cdd10912e0e148c21342a5b\" data-token-time=\"1776379964\"><noscript class=\"wpforms-error-noscript\">Bitte aktiviere JavaScript in deinem Browser, um dieses Formular fertigzustellen.<\/noscript><div class=\"wpforms-field-container\"><div id=\"wpforms-36-field_0-container\" class=\"wpforms-field wpforms-field-name\" data-field-id=\"0\"><label class=\"wpforms-field-label\" for=\"wpforms-36-field_0\">Name <span class=\"wpforms-required-label\">*<\/span><\/label><div class=\"wpforms-field-row wpforms-field-medium\"><div class=\"wpforms-field-row-block wpforms-first wpforms-one-half\"><input type=\"text\" id=\"wpforms-36-field_0\" class=\"wpforms-field-name-first wpforms-field-required\" name=\"wpforms[fields][0][first]\" required><label for=\"wpforms-36-field_0\" class=\"wpforms-field-sublabel after\">Vorname<\/label><\/div><div class=\"wpforms-field-row-block wpforms-one-half\"><input type=\"text\" id=\"wpforms-36-field_0-last\" class=\"wpforms-field-name-last wpforms-field-required\" name=\"wpforms[fields][0][last]\" required><label for=\"wpforms-36-field_0-last\" class=\"wpforms-field-sublabel after\">Nachname<\/label><\/div><\/div><\/div><div id=\"wpforms-36-field_1-container\" class=\"wpforms-field wpforms-field-email\" data-field-id=\"1\"><label class=\"wpforms-field-label\" for=\"wpforms-36-field_1\">E-Mail <span class=\"wpforms-required-label\">*<\/span><\/label><input type=\"email\" id=\"wpforms-36-field_1\" class=\"wpforms-field-medium wpforms-field-required\" name=\"wpforms[fields][1]\" spellcheck=\"false\" required><\/div><div id=\"wpforms-36-field_3-container\" class=\"wpforms-field wpforms-field-text\" data-field-id=\"3\"><label class=\"wpforms-field-label\" for=\"wpforms-36-field_3\">Telefonnummer<\/label><input type=\"text\" id=\"wpforms-36-field_3\" class=\"wpforms-field-medium\" name=\"wpforms[fields][3]\" ><\/div><div id=\"wpforms-36-field_2-container\" class=\"wpforms-field wpforms-field-textarea\" data-field-id=\"2\"><label class=\"wpforms-field-label\" for=\"wpforms-36-field_2\">Nachricht <span class=\"wpforms-required-label\">*<\/span><\/label><textarea id=\"wpforms-36-field_2\" class=\"wpforms-field-medium wpforms-field-required\" name=\"wpforms[fields][2]\" required><\/textarea><\/div><\/div><!-- .wpforms-field-container --><div class=\"wpforms-field wpforms-field-hp\"><label for=\"wpforms-36-field-hp\" class=\"wpforms-field-label\">Phone<\/label><input type=\"text\" name=\"wpforms[hp]\" id=\"wpforms-36-field-hp\" class=\"wpforms-field-medium\"><\/div><div class=\"wpforms-submit-container\" ><input type=\"hidden\" name=\"wpforms[id]\" value=\"36\"><input type=\"hidden\" name=\"page_title\" value=\"\"><input type=\"hidden\" name=\"page_url\" value=\"https:\/\/altstadt-apartment.com\/index.php?rest_route=%2Fwp%2Fv2%2Fpages%2F21\"><button type=\"submit\" name=\"wpforms[submit]\" id=\"wpforms-submit-36\" class=\"wpforms-submit\" data-alt-text=\"Senden...\" data-submit-text=\"Absenden\" aria-live=\"assertive\" value=\"wpforms-submit\">Absenden<\/button><\/div><\/form><\/div>  <!-- .wpforms-container -->\n\n\n\n<p class=\"has-vivid-red-color has-text-color\"><\/p>\n","protected":false},"excerpt":{"rendered":"<p>Verf\u00fcgbarkeiten der Ferienwohnung: Preise Die Preise varrieren nach Saison. Bitte beachten Sie, das die hier ausgezeichneten Preise ausschlie\u00dflich f\u00fcr Buchungsanfragen \u00fcber diese Homepage, telefonisch oder per E-Mail gelten. Nebensaison:60,- Euro pro Nacht Zwischensaison: 70,- Euro pro Nacht Hauptsaison: 80,- Euro pro Nacht Weihnachten\/Sylvester: 90,- Euro pro Nacht Eine Endreinigung von 40,00\u20ac f\u00e4llt einmalig an. Ein &hellip; <\/p>\n<p class=\"link-more\"><a href=\"https:\/\/altstadt-apartment.com\/?page_id=21\" class=\"more-link\"><span class=\"screen-reader-text\">\u201eBuchung und Belegung\u201c<\/span> weiterlesen<\/a><\/p>\n","protected":false},"author":1,"featured_media":0,"parent":0,"menu_order":0,"comment_status":"closed","ping_status":"closed","template":"","meta":{"footnotes":""},"class_list":["post-21","page","type-page","status-publish","hentry"],"_links":{"self":[{"href":"https:\/\/altstadt-apartment.com\/index.php?rest_route=\/wp\/v2\/pages\/21"}],"collection":[{"href":"https:\/\/altstadt-apartment.com\/index.php?rest_route=\/wp\/v2\/pages"}],"about":[{"href":"https:\/\/altstadt-apartment.com\/index.php?rest_route=\/wp\/v2\/types\/page"}],"author":[{"embeddable":true,"href":"https:\/\/altstadt-apartment.com\/index.php?rest_route=\/wp\/v2\/users\/1"}],"replies":[{"embeddable":true,"href":"https:\/\/altstadt-apartment.com\/index.php?rest_route=%2Fwp%2Fv2%2Fcomments&post=21"}],"version-history":[{"count":17,"href":"https:\/\/altstadt-apartment.com\/index.php?rest_route=\/wp\/v2\/pages\/21\/revisions"}],"predecessor-version":[{"id":158,"href":"https:\/\/altstadt-apartment.com\/index.php?rest_route=\/wp\/v2\/pages\/21\/revisions\/158"}],"wp:attachment":[{"href":"https:\/\/altstadt-apartment.com\/index.php?rest_route=%2Fwp%2Fv2%2Fmedia&parent=21"}],"curies":[{"name":"wp","href":"https:\/\/api.w.org\/{rel}","templated":true}]}}